e factors of 0 + d + 1 - 1.
2, 17
Let o be -3 + 38/6 - (-2)/(-6). Suppose -o*v + 2*v = 3*f - 356, 2*f - v = 229. What are the prime factors of f?
3, 13
Suppose -p + 6*p - 4*o - 8038 = 0, 0 = 4*p + 3*o - 6449. List the prime factors of p.
2, 5, 7, 23
Suppose 13 = 3*v - 23. Suppose -2*f = 3*g - 49, -f - g - v = -2*f. List the prime factors of f.
17
Suppose 0 = -33*n + 24*n + 2637. List the prime factors of -21 + 22 - (0 - n).
2, 3, 7
Let m(a) = 53*a**2 + 48*a + 16. What are the prime factors of m(-6)?
2, 409
Let v(t) = -t**2 - t - 4. Suppose -o - 1 = -4*f, 0*o - 20 = -4*o + 4*f. Let j be v(o). Let q = j - -105. What are the prime factors of q?
3, 5
Suppose -2 = -3*c + 7. Suppose -c*u + f + 27 = -367, -4*u + 4*f = -528. What are the prime factors of u?
131
Suppose -130 = -i + 4*z + 362, -2*i - 3*z + 984 = 0. List the prime factors of i.
2, 3, 41
Suppose 4*l - 2 = -146. What are the prime factors of 72/(-20)*(1 + l)?
2, 3, 7
Let y = -443 + 852. What are the prime factors of y?
409
Let w be 5 + (2 - 4) - 29. Let n = -26 - w. Suppose 4*v - 6*d + 8*d = 142, n = -v - 2*d + 28. List the prime factors of v.
2, 19
Let r(j) = 9*j**2 - 4*j + 19. List the prime factors of r(5).
2, 7
Let l(c) = 13*c. Let v(j) = 3*j. Let y(k) = -4*l(k) + 18*v(k). Let g = 5 + -3. What are the prime factors of y(g)?
2
Let m be 54/(-45)*20/(-6). Suppose -54 = -7*y + m*y. What are the prime factors of y?
2, 3
Let p(m) = 8*m - 81. What are the prime factors of p(23)?
103
Let s(g) = 21*g**2 + 21*g - 88. What are the prime factors of s(7)?
2, 17
Let p(i) = 30*i**3 - i**2 - 7*i - 3. Let a(t) = 30*t**3 - t**2 - 6*t - 3. Let z(k) = -4*a(k) + 3*p(k). What are the prime factors of z(-2)?
241
Suppose -h - 1295 = -6*h. Suppose 4*u - h = -3*u. List the prime factors of u.
37
Let j be 72 + (4 - 0) + 0. Suppose -3 + j = t. List the prime factors of t.
73
Let o(s) = -21*s + 7. Let c(i) = i**3 - 5*i**2 + i - 8. Let g be c(5). List the prime factors of o(g).
2, 5, 7
Let d = 15 + -10. Suppose -d*j + 138 = 2*l, -j = -l - 5*j + 66. What are the prime factors of l?
2, 37
Let k be (-54)/(-10) - (-2)/(-5). Suppose -7 = 3*m + g - 0, 0 = 2*m + k*g + 22. Let u(p) = 15*p**2 + 1. List the prime factors of u(m).
2
Let i(g) = 3*g + 8. Let v(h) = 5*h + 15. Let o(t) = 11*i(t) - 6*v(t). Let u be o(2). Suppose 48 = 3*m + k - u*k, -2*k = -10. What are the prime factors of m?
3, 7
Let y(f) = f**3 - f**2 + f + 3. Let m be y(0). Suppose -h - 6 = 2*h - 5*o, 3*h - 4*o = -m. What are the prime factors of h?
3
Suppose -j + 384 = 94. What are the prime factors of j?
2, 5, 29
List the prime factors of 18/117*13 + 5706.
2, 1427
Suppose -5 = -t - 3. Let j be (t - (-3)/(-2))*234. Suppose -3*b = -z - j, 0 = -4*z - z. List the prime factors of b.
3, 13
Suppose -3*f + 9 = -3*x, 0 = -5*x - 0*x + 25. Let d(u) be the second derivative of u**4/12 - u**3/3 - 5*u**2/2 - 69*u - 1. What are the prime factors of d(f)?
43
Suppose 32 = 24*b - 20*b. Let r(u) = 34*u - 17. Let o be r(b). Suppose -7*i = -12*i + o. What are the prime factors of i?
3, 17
Suppose 0 = -5*f + 28 - 8. Let o(t) = 2*t**2 - 3 - 3*t**2 - f*t + 6*t**2 + 0*t**2. List the prime factors of o(-2).
5
Let d be 3/3*1*-5. Let m(g) = -g. What are the prime factors of m(d)?
5
Let t = -427 - -305. Let r = t - -334. Let l = r - 148. List the prime factors of l.
2
Let i = -139 - -143. Suppose 0 = -7*h - i*h + 1298. What are the prime factors of h?
2, 59
Suppose 16*i - 12 = 13*i. Suppose 5*t + i*g = 106, -4*t - g + 50 + 26 = 0. Suppose 3*r - t = 45. What are the prime factors of r?
3, 7
What are the prime factors of (-6)/18*(0 - 42)?
2, 7
Suppose -3*t - 414 = -2*c, -c + 13*t - 9*t = -197. What are the prime factors of c?
3, 71
List the prime factors of -5 + (1264 - -2) + -9.
2, 313
Let v(j) = -j**3 + 10*j**2 - 9*j - 3. Let t be v(9). Let h be (-1844)/(-16) - t/4. Suppose c + 3*c = h. List the prime factors of c.
29
Let v = 48 + -48. Suppose v = 2*t - 60 - 74. What are the prime factors of t?
67
Suppose 0 = -5*p + 2*a + 10, p - 4 = -p - a. Suppose -45 - 33 = -6*j. List the prime factors of (p - 0)*j/2.
13
Suppose 3*s - 3 = -2*f, -5*f + 3*s + 20 = -2*s. What are the prime factors of 91/f - 12/36?
2, 3, 5
Let v = 15 - 13. Suppose 21 = i - s - 3*s, 5*i + v*s - 83 = 0. Suppose -i = -f - 2*d, -3*d - 1 = -5*f + 19. What are the prime factors of f?
7
Suppose 0*w - 16 = 4*w - 4*d, -w - d = -4. Suppose -4*u + 3*u + 2*r - 8 = w, 0 = 5*u + 5*r - 35. Let f = u - -6. What are the prime factors of f?
2
Let r be (-726)/(-8) + (-3)/4. Let h = 36 + r. List the prime factors of h.
2, 3, 7
Let g = 58 + -55. Suppose -3*w + 5 - 14 = 0, -4*w - 573 = -g*t. List the prime factors of t.
11, 17
Let i(w) = -70*w - 14. Let c be i(-21). Suppose -8*p + c = 8*p. List the prime factors of p.
7, 13
Suppose -2*b = -5*b + 309. Let w = 42 - b. Let o = w - -104. List the prime factors of o.
43
Let j(y) = -106*y + 37. What are the prime factors of j(-5)?
3, 7
Suppose 3*t - 13 - 17 = -5*f, 2*t + 1 = -f. Suppose -f*s + 804 = 21. List the prime factors of s.
3, 29
Suppose -8*b + 6*b = -70. Suppose -3*u + 3*v = -27, 8*u = 3*u + 3*v + b. List the prime factors of u.
2
Suppose -4*z - 5*u + 116 = -199, -3*z + 3*u + 243 = 0. List the prime factors of z.
2, 5
Let q be ((-14)/(-6))/((-2)/(-6)). Suppose 6*h + 72 = 192. Let g = h + q. List the prime factors of g.
3
Let k(z) = z**3 - 4*z**2 - 2*z + 4. Let t be k(5). Suppose -b = -42 - t. What are the prime factors of b?
61
Suppose 5*q - 1880 = 5*f, -4*q - 7*f + 1459 = -2*f. List the prime factors of q.
7, 53
Let q(y) be the third derivative of 9*y**6/4 + 5*y**4/24 - y**3 + 51*y**2. What are the prime factors of q(1)?
269
Suppose -3*i - 4 - 26 = 0. Let v = i + 13. What are the prime factors of (v + -4)/((-3)/36)?
2, 3
Let o(w) = w**2 + 4*w + 2. Let x be o(-3). Let l(f) = -6*f**2. Let n be l(x). What are the prime factors of 2 - -1 - n*5?
3, 11
Suppose -q + 1471 = 4*h, q + 28*h - 23*h = 1473. List the prime factors of q.
7, 11, 19
Let a(n) = 16*n**2 - 13*n + 25. Suppose -3*b = 3*c, -3*c + 2*c = -4*b + 10. What are the prime factors of a(b)?
3, 7
Let i = 15 + -7. Suppose -5*k + i*k + 951 = 2*q, 0 = -5*q - 5*k + 2340. What are the prime factors of q/21 + 3/(-7)?
2, 11
Suppose 4*h - 16 = 8*h. Let t be (-42)/h*(-1 + 3). Let k = -11 + t. List the prime factors of k.
2, 5
List the prime factors of 101/1 + -39 + 48.
2, 5, 11
Let z be (-1404)/4 + 0 + (-3)/1. Let d = z + 496. What are the prime factors of d?
2, 71
Let g(t) = 2*t**2 - 2. Suppose -2*b = -8, 3*b - 2*b = -2*s + 18. List the prime factors of g(s).
2, 3
Let c = -341 + 186. Let u = -57 - c. What are the prime factors of u?
2, 7
Suppose 0 + 2 = 2*g, -5*u + g = -3129. List the prime factors of u.
2, 313
Let g = -742 + 1366. What are the prime factors of g?
2, 3, 13
Let z(g) = 2*g**2 + 8*g + 1. Let l be (2/(-4))/((-1)/22). Let a = 5 - l. List the prime factors of z(a).
5
Let y(a) be the first derivative of a**4/4 - 16*a**3/3 + 23*a**2/2 - 29*a - 22. What are the prime factors of y(15)?
7, 13
Let t be 0/(-2*(2 + -3)). Suppose 19*s + 1201 - 7148 = t. What are the prime factors of s?
313
Let j be (-1)/1*((1 - 5) + 3). What are the prime factors of (1 + j)/(4/528 - 0)?
2, 3, 11
Suppose 5*p = -n - 490, -n + 517 - 37 = -5*p. Let r = 7 - -151. Let l = r + p. What are the prime factors of l?
61
Let w be 15*1*48/30. Suppose 3*o - 3*f = 2*o + w, 5*f + 16 = -o. Let p = 14 - o. What are the prime factors of p?
5
Let g be (-14 + 15)/((-1)/15). Let s(b) = -5*b - 27. What are the prime factors of s(g)?
2, 3
Let w(g) = -g**3 + 18*g**2 - 25*g + 32. Let l be 3/(-3 + -9) + 65/4. What are the prime factors of w(l)?
2, 3
Let d = -1 + 1. Suppose 11*r - 3*r = 24. Suppose -r*b - b + 124 = d. What are the prime factors of b?
31
Let j = -3573 - -6705. What are the prime factors of j?
2, 3, 29
Let v(w) = -9*w**2 + 6*w**2 + 4*w**2 + 9 - 3*w. What are the prime factors of v(-6)?
3, 7
Suppose -76*n = -74*n + 520. Let c = -72 - n. What are the prime factors of c?
2, 47
Let r = 1834 + -607. What are the prime factors of r?
3, 409
Let i(r) = -12*r + 10. Let o be i(-7). Suppose 3*d = 4*d - o. List the prime factors of d.
2, 47
Let o(u) = -12*u - 39. Let w be (18/1 - 0)/((-6)/4). List the prime factors of o(w).
3, 5, 7
Let r(a) = -1 - 91*a + 17 + 92*a. Let m be r(-17)